a(g).
7
Let j(k) = -8 - 1 - k**3 + 70*k**2 - 66*k**2 + 4. Give j(4).
-5
Let u = 15 - 11. Suppose u*x + 1 = -15. Let r(n) = -n**2 - 9*n - 3. Let d(w) = -w**2 - 10*w - 3. Let l(j) = 5*d(j) - 6*r(j). Calculate l(x).
3
Let c be ((-1)/2)/((-2 - -3)/4). Let s(d) = -d**2 - 2*d + 1. Calculate s(c).
1
Suppose -3*k = -5*s + 1, -3*k - 2*s - 25 = -s. Let p(b) = b**2 + 6*b - 4. Calculate p(k).
3
Let a(x) = x**3 + 3*x**2 - 6*x + 7. Suppose j = -0*j - 5. Determine a(j).
-13
Let a(f) = f - 1. Let y = 29 - 18. Suppose 0 = 4*v + y + 5. Let o = v + 9. Give a(o).
4
Let s(m) = -m**2 + 5*m + 7. Let o(y) = -3*y - 6. Let h be o(-4). Calculate s(h).
1
Let n(p) = -8*p**2 - 29*p + 4. Let o(i) = -3*i**2 - 10*i + 1. Let c(q) = -4*n(q) + 11*o(q). Let l be c(4). Let g(z) = l*z**2 - z + 0 - 2 + 2*z. Give g(-2).
8
Let m(q) = 2 + 1 - 7*q + 10*q**2 - q**3 - 2*q**2. Give m(7).
3
Let y(g) = -g - 3. Let i(q) be the second derivative of -q**3/6 - q**2 - q. Let n(k) = -5*i(k) + 3*y(k). Let p be n(-3). Let s(h) = h + 6. Determine s(p).
1
Let d(a) = 3*a - 6. Let b be -5 - (2 - (-3)/(-1)). Let v(q) = -2*q + 5. Let l(s) = b*v(s) - 3*d(s). Let p be ((-50)/10)/(1 - 0). Give l(p).
3
Let m(f) = -f**2 - f + 2. Let x be 30*(-1 + 1 + 1). Suppose -3*p = 2*p - x. Suppose -3*c = -3*i + p, 2*i = 4*c - 0 + 8. Calculate m(i).
2
Let x(h) = -3*h + h**2 - 2*h + h**3 + 4*h**2. Determine x(-6).
-6
Let c = 14 - 13. Let f(d) = -d**2 - 2*d + 1. What is f(c)?
-2
Let m be 2 - 1*2*-1. Let p(z) = -5*z + 0 + m - 1 - z**2. What is p(-6)?
-3
Let r(l) be the first derivative of 2*l**2 - l - 55. Let k = -4 + 3. Determine r(k).
-5
Let d(k) = 5*k - 5. Let w(m) = 9*m - 10. Let j(n) = 5*d(n) - 3*w(n). Determine j(5).
-5
Let j(d) = 2*d**3 + 9*d**2 - 4*d + 7. Let v(x) = -3*x**3 - 17*x**2 + 8*x - 14. Let p(b) = -5*j(b) - 3*v(b). Calculate p(6).
-17
Let b(r) = 0*r - 3*r + 4*r + 4 + 0*r. Let u(z) = z**2 - 9*z - 10. Let f be u(10). Give b(f).
4
Let s(d) be the second derivative of 0*d**2 - 1/3*d**3 + 0 + 2*d. Calculate s(-3).
6
Let j(s) = 5*s + 10. Let d(m) = 2*m + 3. Let o(q) = 8*d(q) - 3*j(q). Determine o(7).
1
Suppose 2*n + 2 = 4*n + 2*d, -5*n = -3*d - 21. Suppose w - 6 = 3*v, -w - 18 = 2*w + n*v. Let y(h) = -h + 1. Give y(w).
4
Let k(f) = 2*f + 3. Let a be ((-24)/22)/6 + (-123)/(-11). Suppose 0 = d + d - 4. Suppose -3*x + 3*m = 3 - 0, -m = d*x + a. Give k(x).
-5
Let u(z) = -z + 1 - 1. Let x be (1 - 2)*(-1)/(-1). What is u(x)?
1
Let z(n) = 5*n - 14. Let d(a) = 3*a - 9. Let b(q) = 8*d(q) - 5*z(q). Determine b(-2).
0
Let c(n) = -n**3 + n**2 - n + 3. Suppose -3*p - 3 + 18 = 2*k, 20 = 3*k + 4*p. Calculate c(k).
3
Let i(j) = -j**2 - 4*j + 3. Suppose -3*v = v - 8. Let c be -1*v/3*-3. Suppose -2*g = -c*q + 3*g - 8, 2*q = g - 8. Determine i(q).
3
Let g(s) = -3*s - 5*s + 10*s - 2. Determine g(-3).
-8
Suppose -1 = v + 5*h + 21, -3*v + 10 = -4*h. Let a(q) = -3*q + 1. Calculate a(v).
7
Let m(o) = -2*o + 0*o + 73 - 76. Calculate m(-2).
1
Let b be ((-2)/(-6))/((-7)/(-21)). Let p(c) be the first derivative of -5*c + 2*c**2 - b + 1/3*c**3. Determine p(-4).
-5
Let j(a) = a**3 + 8*a**2 + 8*a + 10. Let t(d) = -9*d + 2. Let k be t(1). What is j(k)?
3
Let q = 20 + -14. Suppose -r = r - q. Let o(y) = -y**3 + 2*y**2 + 3. What is o(r)?
-6
Suppose 0 = h + 3*h - 28. Let y = -3 + h. Let z(t) = -2*t + y - 3 + 2. What is z(5)?
-7
Let y(o) = o**3 - 3*o**2 - o - 1. Suppose 2*i + 7*v - 2*v = 23, -3*v + 13 = i. Give y(i).
11
Suppose 0 = -i + 3*m - 2, 0 = i + 4*i - 2*m + 10. Let d(l) = 2*l**3 + 4*l**2 + 3*l + 1. Calculate d(i).
-5
Let l(r) = r**2 - 4*r + 3. Suppose -16*u + 20*u - 68 = 0. Let y = 23 - u. What is l(y)?
15
Let f = -3 + 5. Let z be (-1)/(-2) + 18/4. Let h(x) = x + x**f - 2*x + z*x. Give h(-3).
-3
Let d(t) = t**3 + 6*t**2 + 3*t + 2. Let b(w) = w**3 + w**2 + w. Let j(o) = -2*b(o) + d(o). Let r = 4 - 10. Let h be (3/r)/(1/(-8)). Give j(h).
6
Let w be 8*(-1 + (-3)/(-2)). Suppose x + 6 = -0*x + 2*q, 0 = x + w*q - 12. Suppose -5*f = -g + 6*g + 5, -f - 2*g - 5 = x. Let v(t) = -5*t + 4. Give v(f).
-11
Let l(d) = -1 + 6*d + 4 + d**2 + 1. What is l(-5)?
-1
Let t(y) = -3*y + 22. Let l be t(6). Suppose -3 = -x + 3*p + 5, 0 = -3*x + p + 8. Let u(d) = 2*d**2 - 3*d**x + 0*d - 6 + l*d. Give u(4).
-6
Let i(t) = t**3 - 3*t**2 - 5*t + 1. Suppose 0 = 4*w - 0 - 16. Calculate i(w).
-3
Let k(m) = 4 - 3*m**2 + 2*m - 1 - 2. Give k(-1).
-4
Let w(k) = -3*k**2 - 3*k**2 + 5*k**2 - 6 - 6*k. What is w(-5)?
-1
Suppose f - 3*k - 2 = 0, 4 = 2*f + 4*k + k. Suppose -f*g - 4 = -g. Let z(b) = -b**3 - 4*b**2 + b + 3. Calculate z(g).
-1
Suppose -2 = 2*y - c + 5, -3*c = 2*y + 11. Let o(h) = 6*h - 31. Let u(w) = -w + 6. Let p(r) = 2*o(r) + 11*u(r). What is p(y)?
0
Let b(w) = w**3 + 13*w**2 + w + 18. Let j be b(-13). Let g(v) = v**2 - v - 4. What is g(j)?
16
Let o(q) = q**3 - 4*q + 3. Let y(b) = b + 3. Let p = 18 + -11. Let i be y(p). Suppose -2*s = 3*s - i. Calculate o(s).
3
Let x be 1 - -5 - (-1 + 1). Let k(p) be the first derivative of p**2/2 - 2*p + 90. Calculate k(x).
4
Let z(l) = -l**3 + 4*l**2 - 3*l - 1. Let y be z(3). Let d = y + 1. Let b(w) = d + w + 8*w**2 + 1 - 2. What is b(1)?
8
Let i(n) = n + 5. Let o be 57/12 - (-2)/8. Let a be 7/(-3)*(0 - 6). Suppose -1 = w - 0*w - t, 2*t - a = o*w. Calculate i(w).
1
Suppose 2*y + 12 = -2. Let b(x) = -x**3 - 7*x**2 - 10. Give b(y).
-10
Let t be 2*(-3 + 6/4). Let z(b) = b**2 - 2. What is z(t)?
7
Let o(a) = 6*a - 7. Let w(z) = -2*z + 2. Let r(i) = 3*o(i) + 8*w(i). Calculate r(4).
3
Let z(u) = u**2 + 7*u + 7. Let x(l) = -l**2 + l + 6. Let t be x(-3). What is z(t)?
1
Let o = 27 + -19. Let y be o/6 - (-6)/9. Let g(b) = b**3 - b**2 + 0*b**3 - y - 2*b**2 - 1 + 3*b. Calculate g(3).
6
Let k(m) = m**3 + 3*m**2 + 1. Suppose 2*l + 2*n = 12, -4*l + 3*n = 2 - 5. Suppose -l*v = -3 + 18. Let q = 3 + v. Give k(q).
5
Let j(q) = -2*q**2 - 2*q - 2. Suppose -42*b - 4 = -40*b. Calculate j(b).
-6
Let j be 10/4*(-30)/25. Let y(i) = -i**3 - 2*i**2 + 2*i - 3. Calculate y(j).
0
Let x be 4/(4 + 64/(-20)). Let a(y) = y. Calculate a(x).
5
Let k be 4*(10/(-30) + 4/3). Let r(z) = -z + 8. Give r(k).
4
Let w(b) = -4*b. Let q(r) = 1. Let a(d) = -2*q(d) - w(d). Suppose 4*s - 5*s = 6. Let k be s/9 + 4/(-3). Give a(k).
-10
Let i(j) = 15*j**2 - j - 3. Let v(n) = -44*n**2 + 3*n + 8. Let r(o) = -8*i(o) - 3*v(o). Calculate r(1).
11
Let r(n) = -3*n - 1. Let o(g) = g**3 - g - 1. Let d(y) = 5*y**3 + 7*y**2 - 5*y - 12. Let f(z) = -d(z) + 4*o(z). Let k be f(-7). Determine r(k).
-4
Let l(f) = f**3 + 6*f**2 + 3*f - 1. Suppose 3*n = -n - 20. What is l(n)?
9
Let i(d) = -d**2 + 0*d**2 + d + 7 - 3 + 2*d**2. Determine i(4).
24
Let a(g) = -g**3 + 2. Suppose -21 = -4*y - 4*i - 1, 2*y - 1 = i. Determine a(y).
-6
Suppose -3*f + 12 = -0. Suppose f*g + 6 = -2. Let m(y) = -3*y. What is m(g)?
6
Let h(z) = -42*z**3 + 5*z + 3. Let c(s) = 63*s**3 - 7*s - 4. Let x(a) = 5*c(a) + 7*h(a). What is x(-1)?
-20
Let z(o) be the third derivative of o**5/60 - o**4/24 + 3*o**3/2 + 3*o**2. Determine z(0).
9
Let m = -13 - -14. Suppose 0 = 5*i + w + 15, -4*w - m = 3*i - 5*w. Let u(a) = -a**2 - 2*a - 1. Calculate u(i).
-1
Suppose 3*h = h. Let b(z) = z**2 - 11. What is b(h)?
-11
Let t(z) be the first derivative of z**3/3 + z**2/2 + 9*z - 1. What is t(0)?
9
Suppose -3*a = 3*k - 60, 0 = -3*k - 8*a + 3*a + 64. Suppose 4*p - p = -k. Let u(y) = y**2 + 4*y - 6. What is u(p)?
6
Let a(n) = 13*n**3 - 17*n**3 + n + 0*n + 4*n**2 - 5*n**2. Calculate a(1).
-4
Suppose 11 + 25 = -18*z. Let f(q) be the second derivative of q**4/4 + q**3/3 - q**2 + q. Calculate f(z).
6
Let y(u) = 13*u**3 - 11*u**2 - 13. Let w(o) = 7*o**3 - 6*o**2 - 7. Suppose 3*p - p + 22 = 0. Let g(q) = p*w(q) + 6*y(q). What is g(-1)?
-2
Let t(l) = 2*l - 2 + 0 + 3 + l**2 - 2*l**3 + 10*l**3. What is t(-1)?
-8
Let a(f) = 65*f + 57*f + 59*f - 185*f. Suppose -b = b + 4. Determine a(b).
8
Let a(k) = 0 - 2*k**2 + 0*k**3 + 1 - k**3 + k. Let r(z) = -z**2 + 2*z + 1. Let b = 1 + 2. Let v be r(b). Give a(v).
-1
Let u(c) = c - 2. Suppose 5*z - 3*l = -40, 3*z + 30 = 2*l + l. Let y be (-4)/10*(z - 0). Give u(y).
0
Let j(c) be the first derivative of c**4/4 + c**3 - 2*c**2 - c + 3. Let g be (-3)/(-3 - 45/(-12)). Determine j(g).
-1
Let j be (-6 - -3)*-1*1. Suppose 4*y + 2 = j*y. Let b(d) = -5*d - 3. What is b(y)?
7
Let k(d) be the third derivative of d**4/12 + d**3/3 + d**2. Le